(u) composite?
True
Let a be 2/(-6)*-3 + -2. Let u = 0 + 1. Is (a/3)/((-2)/6702)*u composite?
False
Is ((-51)/12)/(29 - 30)*10084 a composite number?
True
Let f = -7727 + -1150. Let v = -3896 - f. Is v a prime number?
False
Suppose 2*r = -4*q + 32, -5*q + 74 = 5*r + 29. Let l(k) = -2 + 6*k + k + 2*k**2 + 2*k. Is l(q) composite?
True
Let z(o) = -36*o + 141. Let l(h) = -h**3 + 5*h**2 + 3*h + 11. Let k be l(6). Is z(k) composite?
True
Let l(v) = -79*v**2. Let x(r) = -2*r**2. Let w(u) = -l(u) - 158*x(u). Is w(1) composite?
True
Let t = -178 + 153. Let k(x) = -x**2 - 26*x + 24. Is k(t) composite?
True
Suppose 115212 = 32*x - 175892. Let j = 15240 - x. Is j a composite number?
False
Let c(r) = r**2 - 39*r + 293. Is c(45) prime?
True
Suppose -2*h + 5*p + 6291 = 0, 7*h - 35*p + 31*p - 21951 = 0. Is h prime?
False
Let c(k) = 2*k - 10. Let q be (-2)/(-8) - (-138)/24. Let v be c(q). Suppose n - v*n = -802. Is n prime?
False
Let g be 69/21 + -3 - (-4980)/14. Suppose -3*v - 3500 = -5*d, -2*d + 4*v + 1742 - g = 0. Is d a prime number?
False
Is 6/7 - 1255312/(-112) composite?
True
Let m(j) = 7281*j**2 + 41*j - 18. Is m(-5) composite?
True
Let j = -15203 + 28488. Is j a prime number?
False
Suppose 3*w = -i + 186781, -50982 - 11281 = -w + i. Is w composite?
True
Let h be 24*(2*-1)/(12/(-80)). Suppose -316*v - 4456 = -h*v. Is v prime?
False
Suppose 8*y = -131 - 69. Let d = 33 + y. Suppose 13*s - d*s = 5195. Is s a prime number?
True
Let l = 168084 - 75675. Is l a prime number?
False
Is (-1)/(-2) + (4 - (-2610454)/44) a composite number?
False
Suppose 16*i - 6*i - 1360482 - 1657408 = 0. Is i composite?
False
Let o = -222645 - -371492. Is o a composite number?
True
Let f be 117/(-26)*(-148)/6. Suppose y - 117 = 5*n, f = -6*n + n + 3*y. Is (-176)/n*(-1002)/(-4) a prime number?
False
Let p(a) = -88*a + 68. Let k be p(-17). Suppose 13*s - 10851 = k. Is s composite?
True
Suppose 2958 - 11457 = -2*n - i, -2*i = 10. Let u = -9617 + n. Is 2/(10/u)*(1 - 2) a composite number?
True
Suppose -873*s - 1320985 - 300091 = -877*s. Is s a composite number?
False
Let g = -2972 - -1342. Let c = 10068 + g. Suppose -3479 + c = 9*p. Is p a composite number?
True
Let b(c) = -15*c**3 - 3*c**2 - 15*c + 8. Suppose 0 = 9*z - z + 56. Is b(z) prime?
False
Let r = 364 + 778. Suppose 5771 - r = 3*s. Is s composite?
False
Suppose 18*y - 3128896 = 1143062. Is y composite?
False
Suppose r = -5*y + 2, -3*y - 5*r = y - 10. Let s(f) = -f**3 + 19*f**2 + 21*f - 36. Let z be s(20). Is z/4 + 1365 - (y + 0) a composite number?
False
Let o(x) = 2*x - 10. Let f be o(9). Suppose 7*n + f = 11*n. Suppose 0 = -6*m - n*m + 2456. Is m a composite number?
False
Let p be (-4)/22 - (-3890)/22*-1. Let u = -24 - -20. Is u/3*p/2 prime?
False
Suppose 4*o = 4*r + 797356, 3*o - 2*r = 369090 + 228925. Is o prime?
True
Suppose 42871*s + 820220 = 42891*s. Is s a composite number?
False
Suppose 3*q - 3*x = -2*q + 12273, -4*x - 4912 = -2*q. Suppose -44*k - q = -50*k. Is k composite?
False
Suppose -71*k - 47*k = -36*k - 28355846. Is k a prime number?
True
Let d(z) = -4*z - 10 - 22 + 6*z. Let n be d(17). Suppose 0*w + 625 = m - 3*w, n*m = -4*w + 1280. Is m composite?
True
Suppose -b + 26 = 3*l - 7, -5*l + 3*b + 41 = 0. Is l*(-7)/(-385) - (-13121)/11 composite?
False
Suppose -2*d + 50*r = 49*r - 248846, 5*r + 124441 = d. Is d composite?
True
Suppose -10749316 = -163*c + 15023103. Is c composite?
False
Let c(n) = 4*n**2 - 5*n - 30. Let u be c(7). Suppose 0 = 129*y - u*y + 14522. Is y prime?
False
Suppose -2*d + d = -4*d. Let m be 152532/10 + (-14)/70. Suppose d*q = 7*q - m. Is q a composite number?
False
Let a = 72 - 69. Suppose 0 = -2*i - 4*d + 975 + 3723, a*i - d - 7082 = 0. Is i prime?
False
Suppose k = -4*g + 2151155 + 1190319, 4 = -2*k. Is g a prime number?
True
Is (-6)/(-27) - 364227136/(-819) a prime number?
False
Suppose -55*q + 52*q - 8466 = 2*u, -2*u + 11302 = -4*q. Is (-5 - q) + (-12)/2 composite?
True
Suppose -18*z + 108 = -0*z. Suppose 5*g = -z*g + 444785. Is g prime?
False
Let m = 2058 + -1342. Suppose 0 = 4*b - 5*b - m. Let p = -507 - b. Is p composite?
True
Suppose t + 4*a + 47984 = 0, -47990 = t + 14*a - 13*a. Is 3/((6/t)/((-4)/16)) a prime number?
False
Is (-16)/10*(-55)/22*(-47731404)/(-336) a prime number?
True
Suppose -430790 = -5*p + 5*f, -2*p + 97*f - 101*f + 172334 = 0. Is p composite?
False
Let f be 2/6 - 65/15. Let c be 17/(-68) - 5/f. Let m(q) = 24*q**3 - 2*q**2 + 1. Is m(c) prime?
True
Is ((-5)/(-5) - -16) + 87234 composite?
False
Let o be 30/50 - (-224)/10. Suppose 28*p - o*p = -20. Is (12/20)/(p + (-4705)/(-1175)) prime?
False
Let u be (426/(-9))/((-2)/12). Let r be u/((-10)/5)*23. Is (9/(-6))/((-4)/8) - r a prime number?
False
Is 4/11 + 102814521/1947 a composite number?
False
Suppose 0 = 5*d, -5*t + d = -0*d + 142565. Let h = 42458 + t. Is h prime?
False
Suppose -2*x = 3*v + 352 - 6492, 2*v + 5*x = 4097. Let o = v + -985. Is o composite?
False
Suppose 0 = -5*a + 3*k + 66997, 0 = 119*k - 124*k - 20. Is a composite?
False
Let w = -986 + 2323. Is (w - -9)/(4 - 2) a composite number?
False
Let i = 309452 - 135153. Is i composite?
False
Suppose -13*x + 66 = -12. Let f be -46*((-447)/6 + 1). Suppose 0 = -4*r - b + x*b + 13480, r = 4*b + f. Is r prime?
False
Let b(o) be the first derivative of -6*o**2 - 23*o + 119. Suppose -31 = -5*l - 11, -2*n - 8 = 4*l. Is b(n) a prime number?
False
Let y be 6/4*10/(-9)*3. Let p(o) = -o**2 - 3*o + 8. Let v be p(y). Is (-3)/(v + 3) - -1898 prime?
False
Suppose -7054*u - 3125510 = -7064*u. Is u prime?
True
Is 83971 - (16 - 44) - (-3 - -4) composite?
True
Suppose 0 = -22*v - 3*v - 125475. Let j = -772 - v. Is j a prime number?
False
Suppose -7*p + p + 24 = 0. Let l be (-1)/(-3) - (-2 - p/6). Suppose n = -l*n + 6484. Is n a composite number?
False
Suppose 0 = -7*z + 15*z - 2*z. Suppose 4*j = -z*j + t + 14631, -3679 = -j - 4*t. Is j a prime number?
True
Suppose -313*n - 1512464 = -315*n - 5*m, 5*n - 3781133 = m. Is n prime?
True
Let g(n) = 136*n**2 - 215*n + 2566. Is g(11) a prime number?
True
Let g(x) = 9*x**3 - 2*x**2 + 1. Let j be g(-1). Let a = -3 + j. Let d(n) = 2*n**2 - 8*n - 3. Is d(a) a composite number?
False
Let f(r) = -r**2 + 48*r + 116. Is f(45) prime?
True
Let s be 39601*1*(-13 + (10 - -2)). Let g = -22368 - s. Is g prime?
False
Let n(x) = 2*x. Let a(k) = 1658*k - 5. Let v(r) = -a(r) - 4*n(r). Is v(-5) a composite number?
True
Suppose -2350987 = -155*l + 1358008. Is l a prime number?
True
Suppose -891 - 13683 = -21*n. Suppose 4950 = 4*t - n. Is t a prime number?
False
Suppose 55 = -x - 35. Let s be (230 + -28)*x/4. Let g = s - -6410. Is g a prime number?
False
Let p = -7978 + 12368. Suppose -3*z = 4*t - p, 12*z - 9*z - 5489 = -5*t. Is t a prime number?
False
Suppose -s - 43853 + 311711 = r, -267854 = -r + 3*s. Is r a prime number?
True
Let k be 890/50 + -2 + 22/10. Suppose 55310 = k*i - 8*i. Is i a prime number?
True
Let c = 67 - 52. Let y be ((-8)/5)/(-3 - (-39)/c). Suppose y*f = 5*b + 2144, 0*f + 2176 = 4*f + 3*b. Is f a prime number?
True
Let m(a) = a**3 + 21*a**2 - 22*a + 3. Suppose 264 = 2*r - 14*r. Let h be m(r). Is (h/4)/((-9)/17454)*-2 a composite number?
False
Suppose -12*m = -282613 - 6792119. Is m a composite number?
True
Let s(b) = 4*b + 9*b - b**2 + 2*b - b - 12. Let k be s(14). Is 286*(k/(-8) - 1) a composite number?
True
Suppose 0 = 3*l + 58 - 70. Suppose 0 = -t + l*t. Suppose 5*s - 3817 = 3*f, 3*s + t*s - 4*f = 2299. Is s prime?
True
Let s(z) = -z**2 - 2*z + 6. Let w be s(-5). Let a be 3206/w - (-4)/18. Let u = 2193 + a. Is u prime?
False
Let z(w) be the first derivative of -2*w**2 - 18*w + 36. Let t be z(-5). Suppose -15071 + 1533 = -t*c. Is c composite?
True
Suppose -81757 = 4302*x - 4321*x. Is x a prime number?
False
Let o(b) = b**3 + 3*b**2 - 2*b + 2. Let d be o(-3). Let g(a) = 4*a**2 + 19*a + 75. Let x be g(-5). Suppose d*l - 552 = x. Is l a prime number?
True
Suppose 5*f = 4*y - 576149, 4*f - 145680 = -2*y + 142362. Is y composite?
False
Let d = -85 - -61. Let b be -1*(-90 - 2/2). Let f = d + b. Is f a prime number?
True
Suppose -1291140 = -24*f + 4232148. Is f a composite number?
False
Let u(v) = 33605*v + 14724. Is u(97) a composite number?
False
Let l(p) = p**3 + 2*p**2 - p + 5917. Suppose 2*u - u - y = -1, 2*u - 3*y + 3 = 0. Is l(